 derivative of 2*j**2 - j + 1. What is f(r)?
-9
Let y(l) be the third derivative of l**4/24 + l**3/2 + l**2. Suppose -9 + 0 = -3*j. Suppose -2*c + 5 + j = 0. Calculate y(c).
7
Let u(r) = r - 3. Let l be (2 + 0)*2/4. Let c be (-2)/(2/4 - l). Determine u(c).
1
Let a(j) = 57*j + 3 - 55*j + 0. Give a(-5).
-7
Let b(m) = m - 4. Let x(y) = -8*y + 2. Let w be x(-1). Calculate b(w).
6
Let g(w) = -w**2 + 9*w - 10. Let n(a) = -10*a - 2. Let l be n(-1). What is g(l)?
-2
Let k be (110/25 + -4)/(4/(-10)). Let g(c) = -6*c**2 + 4*c - c**2 - 5*c. Give g(k).
-6
Let d(f) = f**3 - f**2 - f + 5. Suppose -o - 10 = -3*o. Suppose 3*b - 16 = -5*i, 4*i - 8 = 2*b - 4. Suppose b*x = o*x. Give d(x).
5
Let r(n) = 5 + n - 9*n - 12 - 3*n**2. Let h(d) = -d**2 - 4*d - 3. Let a(p) = 5*h(p) - 2*r(p). Determine a(3).
-4
Let q(z) be the first derivative of z + 1 - 3/2*z**2. What is q(2)?
-5
Let b(d) = 5*d + 2*d - 5*d + 4*d + d**2 + 3. Determine b(-4).
-5
Let q(d) = 2 + 0 + 10*d - 4*d - d**2. Let z(r) = -r**3 - 6*r**2 - 7*r - 4. Let g be z(-5). Determine q(g).
2
Let h(n) = -3*n + 3. Let j(t) = -10*t + 10. Let l(k) = 14*h(k) - 4*j(k). Give l(3).
-4
Let o(u) = 6*u**3 - 11*u**2 - 10*u - 5. Let c(t) = t**3 - 2*t**2 - 2*t - 1. Let f(b) = 11*c(b) - 2*o(b). Calculate f(-2).
11
Let t(o) = 0*o + 0*o + 1 - o + 2*o**2. What is t(2)?
7
Let j(c) = c**3 - 6*c**2 + 6*c - 1. Let i = 31 - 27. Give j(i).
-9
Let d(w) = 2. Let k(q) = -q - 5. Let o(a) = -4*d(a) - 2*k(a). Suppose -8 = 4*z + 5*s - 3, 5*s - 25 = 2*z. What is o(z)?
-8
Let g(c) = 2*c + 2. Let i be 0*(-1)/4 - 4. Determine g(i).
-6
Let v(p) = 3 - 2 + p + 4*p. Let f(d) = -2*d**2 + d - 1. Let b be f(1). Let t = b + 1. Determine v(t).
-4
Let c(a) = -3*a - a + a - 1 + a**2 - 2*a. Determine c(5).
-1
Suppose -n + 0*y + 2*y + 5 = 0, n + y - 11 = 0. Let v = 15 - n. Let w(k) = k**2 - 6*k - 3. Give w(v).
-3
Let y(a) be the third derivative of 0*a**4 + 0*a + 0 - 7/3*a**3 + 0*a**5 + 8*a**2 - 1/120*a**6. What is y(0)?
-14
Let a = 31 - 29. Let u(y) be the third derivative of 0*y - 1/24*y**4 + 0 + 2/3*y**3 + a*y**2. Calculate u(2).
2
Let a(s) = -113 + 109 + 5*s**2 + 6*s - 4*s**2. Give a(-6).
-4
Let i(x) = -x**3 + 4*x**2 + x + 1. Let g(w) = -7*w - 10. Let y be g(-2). Give i(y).
5
Suppose -3*i = -1 - 5. Suppose 0 = i*j + 3*r + r - 6, 5*j = -2*r + 23. Let z(f) = -f**2 + 6*f - 4. Calculate z(j).
1
Let k(u) = u + 13. Suppose 0 = -y + l - 2, 2*y - l - 4*l + 10 = 0. What is k(y)?
13
Let c(h) = -h**2 - h + 1. Let g be 130/39 + 4/6. Let w be -6 + (1 - (-4)/g). Determine c(w).
-11
Let k(p) = -p**2 + 2*p - 1. Let z(g) = g + 7. Let d be z(-3). Calculate k(d).
-9
Let w be 2 - 40/(-12) - 3/9. Let o(m) = 2*m - 6. What is o(w)?
4
Let c be (-4)/(-6)*(6 - 0). Let m be 1 + ((-9)/12 - 11/(-4)). Let t(j) = 4*j**3 - c*j + 6*j**2 - 3*j**3 - 2 - m*j**2. Give t(-4).
-2
Let j(l) = 2*l**2 - 2*l - 14*l**3 - 7*l**2 + 7 + 15*l**3 - l. Determine j(5).
-8
Let z(f) be the second derivative of -2*f**4/3 - f**3/6 + 7*f. Calculate z(1).
-9
Let t(r) be the second derivative of -r**5/60 - 5*r**4/24 + r**3/2 - 3*r**2/2 + 2*r. Let j(f) be the first derivative of t(f). Give j(-4).
7
Let q(p) = -2*p**3 + 0*p + p - 5*p**2 + 2*p**2 - 2 + 4*p**2. What is q(-2)?
16
Let d(k) = -2*k + 3. Let y(p) = 5*p - 1. Let m(w) = -6*w. Let i(z) = -3*m(z) - 4*y(z). Let l(t) = -3*d(t) + 4*i(t). What is l(6)?
-5
Let r(z) = -z**3 + 5*z**2 + 7*z. Let d be r(6). Let x(k) = k**2 - 9*k + 4. Determine x(d).
-14
Let u be (3 + -1)/(2/1). Let x(a) = 2*a**2 + 7*a + 5. Let h(v) = -v**2 - v. Let d(n) = u*x(n) + 3*h(n). What is d(5)?
0
Let l(c) = -2*c**2 + 4*c**2 - c**2 + 7*c. Give l(-7).
0
Let n be (-10 - (1 - 1))*(-19)/(-38). Let f(i) = -i**3 - 5*i**2 + 2. What is f(n)?
2
Let r(j) = j**2 - 7. Let y = 3 - 3. Suppose 2*o + 0*w - 50 = 3*w, w = y. Suppose -5*d + o = -n, 6*n + 2*d = n + 10. Give r(n).
-7
Suppose 0 = -4*x - 0*x + 32. Let i = x + -6. Let k(w) = w + 2*w**2 - i*w**2 - 8 + w**2. Determine k(0).
-8
Let y(q) be the first derivative of -3*q**4/2 - q**2/2 - 7. Give y(1).
-7
Let r be ((-4)/(-10))/((-1)/10). Let a(v) = 0*v**2 + 0*v + 0 + v**2 + 6 + 4*v. What is a(r)?
6
Let d(m) = -m**3 - 3*m**2 - 3*m. Let c = 21 - 23. Determine d(c).
2
Let m(p) = -p**2 + 7*p + 12. Let i be m(9). Let r(n) be the first derivative of -n**4/4 - 7*n**3/3 - 5*n**2/2 + 6*n + 1. Determine r(i).
0
Let s(y) = -y - 1. Let q(o) = -o + 1. Let a = 2 + -3. Let v(m) = a*q(m) - 2*s(m). Suppose -r - 2*n = -3 + 5, -n = -3*r + 8. Calculate v(r).
7
Suppose 0*u - 5 = -5*u. Let g(s) = 1 - u + s. Let t = 0 + -5. Give g(t).
-5
Let h be 264/(-60) - 3/5. Let a(g) = g + 8. What is a(h)?
3
Suppose 0 = 7*i + 15 + 6. Let o(t) = t**3 + 2*t**2 + 4*t + 2. What is o(i)?
-19
Let l(u) be the third derivative of 0 - u**2 + 1/12*u**5 + 1/24*u**4 + 0*u**3 + 0*u. Give l(1).
6
Let a(p) be the first derivative of -p**3/6 - p**2 - p + 3. Let k(t) be the first derivative of a(t). Give k(0).
-2
Let k(t) = -78*t - 1 - 7*t**3 + 80*t + 3*t**3. Give k(1).
-3
Suppose -3*q = 4 + 2. Let n be q/(0 + (-2)/(-7)). Let f = n + 2. Let c(p) = p**2 + 6*p + 3. What is c(f)?
-2
Let s be (-2 - -3)/((-2)/(-4)). Let r(u) be the first derivative of -s + 0*u + 1/2*u**2. Determine r(3).
3
Let t(g) = g + 0 + 0*g - 3 + 2. Suppose -5*x = 2*r - 6, 4*x - 3*r - 12 = -7*r. Let v = x + 1. Give t(v).
0
Suppose 4*v + 36 = -5*y + 6, y + 2 = 0. Let p(j) = j**2 + 3*j - 7. Let s(l) = -l**2 - 2*l + 7. Let z(c) = -3*p(c) - 2*s(c). Give z(v).
7
Let h(q) = 7*q + 3. Let w(r) = -20*r - 8. Let z(n) = 17*h(n) + 6*w(n). Calculate z(-6).
9
Let y(d) = -d - 1. Let i(j) = -j - 6. Let w(x) = -i(x) + 3*y(x). What is w(6)?
-9
Let d(h) be the third derivative of -h**6/40 - h**5/30 - h**4/12 - h**3/6 + h**2. Suppose 4 = 9*u - 13*u. Calculate d(u).
2
Let d(p) = -17*p**2 + 27*p**2 - 16*p**2 + p**3 - 5 + 6*p. What is d(5)?
0
Suppose 0 = 4*f - 4*i - 12, 12 = -4*f + 3*i - 7*i. Let a(g) = f*g - 3*g + 4*g. Suppose -7*v - 15 = 6. Give a(v).
-3
Let d(u) be the second derivative of -5*u**4/12 + u**3/2 + u - 1. Calculate d(2).
-14
Let c(i) be the third derivative of -i**6/120 - i**5/15 - i**4/12 + i**3/2 + 2*i**2. Let n = -43 - -40. What is c(n)?
0
Let w(s) = -s**3 + 6*s**2 - 3. Let l be w(6). Let k(g) = 5*g**2 - 17*g - 1. Let j(y) = -2*y**2 + 8*y + 1. Let m(z) = -7*j(z) - 3*k(z). Determine m(l).
2
Suppose 4*b - 8 + 2 = 5*u, -4*u = 5*b + 13. Suppose -4*s + 0*s + 12 = 5*r, 0 = -r - 5*s - 6. Let y(l) = -5*l**3 + r*l**3 + 3 + 0 + 3*l. What is y(u)?
5
Let b be 0/(1 - (-2 + 6)). Let h(k) = -k**3 + 2 - 7*k**2 + b*k + 3*k**2 - 3*k. Determine h(-3).
2
Let t(f) = -f**2 + 2. Let y = -4 + 6. Calculate t(y).
-2
Let u = -6 + 10. Let z = u - 4. Let l(w) = w**3 - w**2 - 3. Determine l(z).
-3
Suppose -2*s - 20 = 3*s. Let q = -2 + s. Let f(o) = o**2 + 6*o - 6. Calculate f(q).
-6
Let h(c) = -2*c + 2. Suppose 1 = -2*n + 3*o, -2*n = n - 5*o + 3. What is h(n)?
-6
Let a(r) = r**3 + 4*r**2 - 2*r - 3. Let i(v) = -1 + 0 + 0 + 3 + 2*v. Let o be i(-3). What is a(o)?
5
Let m = 24 - 17. Let b = m - 6. Let j(t) = t**2 + t**3 + 3*t**3 + 2*t**3 - 1 + t**3. What is j(b)?
7
Let r(j) = -6*j - 7. Let m(g) = 3*g + 4. Let l(x) = 5*m(x) + 3*r(x). Suppose -2*q + 2*i + 12 = 2*q, 4*i = 8. Calculate l(q).
-13
Let s(a) = 3*a**3 + a**2 - a. Suppose 0*v = 3*v, -5*u + 5*v = 0. Suppose -3*q = 2*p + 8, u = -p - p - q - 16. Let b = 11 + p. Determine s(b).
3
Suppose 7*r = 2*r + 15. Let t(p) = -2*p - r*p + 8*p + 10*p - 1. What is t(1)?
12
Let h(c) = c**2 + 2*c - 2. Let i(t) = -3*t - 1. Let o be i(-2). Suppose -o*w - 9 = -2*w. Determine h(w).
1
Let s(k) = -k**3 - 5*k**2 - 4*k - 5. Let f be (-33)/6 + 1/2. Let r = -7 + 8. Let c = f + r. What is s(c)?
-5
Let m(w) = 3 + 2*w**2 - 4*w**2 + 27*w + w**2 - 31*w. Calculate m(-6).
-9
Let p(d) be the first derivative of d**3/3 - d**2/2 - 6. Suppose 2*z - z - 1 = 0. Let g = z - -2. Determine p(g).
6
Let h(x) = -4*x + 6*x**3 + 5*x**2 - 7*x**3 + 2*x**3 + 7. Determine h(-6).
-5
Let w = 2 + 1. Suppose i + 4*y = -18, w*i + 6 = -2*y + 2. Let q(u) = -7*u**2 + u**i + u**2 + 0*u**2. Give q(1).
-5
Let r(j) = j**2 - 1. Let x be r(0). Let p(y) = -5*y**3 - 2*y - 1. Determine p(x).
6
Let y(v) = v**3 - 5*v**2 + 5*v - 6. Let a be (0 - -2)/(13/26). Give y(a).
-2
Let z(l) = -2 - 1 + 3*l + 4. Give z(4).
13
Let m be (-6 - -1) + (28 - 20). Let h(c) be the second derivative of 0 + 2*c +